ate (6 - 10) + 7 - (373 - 422).
52
Calculate -54 - -44 - (-32 - 2) - 1.
23
-82 + 15 + 2 + 2 + 2 + -9 + -9
-79
What is the value of -12 + (2 - -3 - (-33 - -22))?
4
What is -15 + 5 + 10 + -55 - -14 - 1?
-42
What is the value of (-65 - -61) + (0 - -15) + 16 + -18?
9
What is 13 + -5 + -2 + (117 - (10 - -16)) - 14?
83
(1 + -10 + 41 - 19) + 0
13
Evaluate -2703 - -2713 - (-2 - (-27 - -2)).
-13
Evaluate (-2 - (10 + -16)) + -5 + -36.
-37
Evaluate (9 - -1) + 250 + -148 + -35.
77
0 + 50 + 12 + (-2 - 23) + -8 + 31
60
What is the value of -17 + (44 - 11) + -19 + -21?
-24
What is the value of (16 - (-5 + 25 + -19)) + 1?
16
Evaluate -637 + 636 - (35 + (3 + 2 - 2)).
-39
What is the value of (-3 - 0 - 7) + -44 + (44 + -117 - -41)?
-86
What is the value of -8 - ((-4 + 9 - -8) + -64) - -5?
48
What is the value of 29 - 48 - (-86 + 34)?
33
What is 10 + -60 - (3 + -1) - (-850 + 868)?
-70
Evaluate -13 + 40 + 9 + 1.
37
12 - 1 - -2 - (81835 + -81951)
129
What is 14 - (-58 + 74 + -19)?
17
(2 - 3 - 7) + -11 + 25 + (13 - -23)
42
Evaluate -21 - ((-27 - (-12 + -4)) + -13).
3
What is the value of (511 - 489) + -2 + -24?
-4
What is the value of -5 + -25 - (-16 - (-33 - -2))?
-45
(167 - 185) + 7 + (-21 - 6)
-38
Evaluate -1 - 5 - -1 - (32 - (160 - 2 - 8)).
113
55 + (-73 - (34 + -83 - -13))
18
What is 376 + -347 - (0 + 74)?
-45
What is the value of -8 + 109 + -7 + 1 + -110 + 106?
91
Calculate 0 + 5 - ((78 - 13 - 25) + 14).
-49
What is the value of 89 + -5 - 66 - 84?
-66
-53 + (-79 - -113) - -5
-14
Calculate (-7 - -27) + -24 + 20 + 56.
72
Calculate 6 - (46 + -14) - -15 - (1 - -3).
-15
Calculate 1 - -34 - 44 - (1 - 83 - (15 + -18)).
70
Evaluate (2 - (-5 + -3)) + -125 + 122 - 20.
-13
What is -35 - -23 - -35 - (-7 + 29)?
1
Calculate -10 + (-23 - -2 - (-5 + 7 - -5)).
-38
What is the value of (-70 - 1) + 237 + -230 - (3 + 5 + -3)?
-69
(-14 - 7 - -32 - 1) + (-1 - 62 - 0)
-53
What is -27 + (7 - (-2 - -2) - 1)?
-21
Evaluate -27 - (39 - 47 - -25).
-44
What is the value of 11 + (71 - -9) - (0 - -2)?
89
-62 + (54 - (6 + 17)) + -24
-55
Evaluate 83 + (-24 - 44 - 2).
13
Calculate (-3 - (-62 - 0)) + -46.
13
What is the value of -7 + (1 - 38) + -906 + 860?
-90
(-42 - (60 - 133)) + (-1 - 112)
-82
Evaluate 10 - ((-4 - -27 - (69 - 59)) + -50) - 3.
44
Calculate -24 + -7 + 9 - (6 + -1 - 5 - -7).
-29
3 - -3 - -51 - (9 + -1 + 2)
47
Evaluate (-39 - (44 + -10 + -81)) + -1 + -10.
-3
What is the value of (-14 - (1 - 0)) + (92 - 368) + 219?
-72
Calculate 45 + (-172 - (-145 - -161)).
-143
What is (9 - (-5 + (-6 - -12)) - 7) + 45 + -2?
44
-64 + 36 + -98 + 72
-54
Evaluate (-1697 + 1688 - (-4 + 1 + 0 + -82)) + 7.
83
Calculate (-16 - (12 - 18)) + 14 + 2 - -87.
93
What is the value of -9 - (49 - ((-21 - -3) + 9 - -25))?
-42
Calculate -5 + -17 - -32 - 102 - 4.
-96
What is the value of 53 + -187 + -33 - -125?
-42
Calculate -15 + (19 - 50) + 39.
-7
161 + -188 - (4 + -51) - -97
117
What is 2 + (-3 - 21) + 8 + (-23 - -18 - -52)?
33
Calculate 5 + -1 + 7 + 7 - -49.
67
Evaluate -11 + 48 + 29 + -75.
-9
Evaluate ((0 - -2) + -3 - 19) + (136 - 134).
-18
What is -142 + 122 - (20 + 5 + -47)?
2
What is the value of 42 + 153 + -97 + -90?
8
0 + 1 - (-71 - (-92 - 30))
-50
What is the value of -102 + 43 - (-37 - 79)?
57
What is the value of -11 + -50 + 50 + -5?
-16
190 + -88 - (60 - 12)
54
What is -19 + 25 - (12 + -15 + 8)?
1
What is -13 - ((136 - 127) + 2 + -3 + 1 - 2)?
-20
Calculate -69 + (80 - (-75 - -142)).
-56
What is the value of (-2 - (-19 + 21 + 53)) + (-9 - (-1 + -5))?
-60
What is the value of -22 - (-64 - -12 - (-2 - -5))?
33
What is -19 - (-60 - (30 + -62))?
9
26 + -32 + -20 - (0 + -14)
-12
Evaluate 7 - 3 - (5 + (-60 - (-13 + -4))).
42
What is the value of -12 - (22 + (-17 - (-7 + 18))) - (35 + 0)?
-41
Calculate (21 - (-23 + 39)) + 62 + -15.
52
(-2 - (0 - 7)) + 7 + 120 + (-25 - 15)
92
What is -10 - -20 - (2 + -17 - (28 + -35))?
18
Evaluate (3 - 28) + (-13 - (-24 - -2 - 2)).
-14
Evaluate -27 + -12 + 96 + -66.
-9
Calculate 186 - -26 - 232 - (-2 - 26).
8
(15 - (9 + (2 - (3 - 0)))) + (-12 - 5)
-10
What is the value of -23 + (-36 - -57) - -14?
12
-7 + -1 - (5 + (17 - 31 - 25))
26
What is the value of -5 + 12 - (0 + 15 + -9 + 8)?
-7
What is 20 + -45 + 72 + 8 + (-2 - 6)?
47
Evaluate -67 - (43 - 104 - 3).
-3
-3 + -49 + (131 - 64)
15
19 - (-13 - 12) - 52
-8
Evaluate 20 + 1 - (-4 - -22 - 14) - (-14 - -22).
9
Evaluate 18 + -12 + -19 - (57 + (10 - 0)).
-80
Evaluate (1 - 2 - (-78 - -18)) + (6 - -3).
68
What is the value of (17 - (-1 + -1)) + (-4 - (-1 - -7)) + -6?
3
Evaluate (-4 - -21) + 23 + -42 + 36.
34
Evaluate 14 - (23 + 28) - (49 - 19).
-67
Calculate 2 - -201 - (49 - -55).
99
(12 - (44 + -33)) + (12 - -1)
14
What is -2 + 2 - (98 - 132) - 7?
27
What is -325 + 409 - (-3 - -42)?
45
Evaluate (-21 - ((9 - -9) + -7)) + 16.
-16
(-40 - (13 + 83)) + (1 - 3 - (-14 - -10))
-134
(-201 - -173) + -51 - (0 - -37)
-116
Calculate -13 - (16 + (-9 - -4) + -16).
-8
-15 + 15 + -8 + -13
-21
What is -13 + -101 - (-177 + 137)?
-74
What is -29 - (-86 + 57) - 1?
-1
2 + -3 + -4 + 80 + -38
37
Calculate -15 - (129 - 50 - 133).
39
Evaluate -22 + (6 - 1 - (-20 + -15 + 27)).
-9
Calculate -163 + 65 + (-4 - -23) + 42.
-37
What is -37 - (19 - 2) - -38?
-16
What is the value of 21 + -23 + (16 - (-2 - -1))?
15
Calculate (-13 - (4 - 11) - (1 - 3)) + 10 + 50.
56
(20 - (1 + -21 - (346 + -381))) + -1 + 47
51
Calculate 84 + (-14 - -32) + -60.
42
What is the value of (-227 - -270) + 7 + -2 + -4?
44
Evaluate 42 + (21 - (-35 + 81)).
17
Calculate -13 + 50 + -46 - ((-31 - 1) + (-1 - 2)).
26
What is 9 + (-10 - (2 - 1) - (-5 + 68))?
-65
Evaluate -48 + (27 - (34 + -9)) - -22.
-24
What is the value of 119 + (-52 - -53) + -1?
119
Evaluate -6 + 103 + (1 - -2) + -10 + 38 + -33.
95
Evaluate (-134 - (77 - 223)) + -1 + -41.
-30
Calculate -17 - 37 - (-230 - -148).
28
What is 41 + 0 + -98 + 76?
19
7 + -16 - 8 - -46 - -26
55
Calculate (2 - 24) + (1065 - 1079) + (-16 - 0).
-52
Calculate -81 + (37 - (30 + -29 + 28)).
-73
What is (-1 + -15 - (142 - 133)) + 41?
16
What is 67 - (275 - 133) - -89?
14
Calculate -63 - -2 - -87 - -26.
52
What is -15 - (-14 + 9) - -1?
-9
What is the value of 7 + 102 - ((-12 - -29) + -8)?
100
Calculate (77 - 29) + -25 + (-37 - -93).
79
-45 + (24 - -7) + 1 + 0 + 6
-7
Calculate (1 - (2 - 14 - 6)) + 1429 + -1419.
29
What is 1 - -47 - ((34 + -47 - (-11 + -1)) + -2)?
51
What is the value of -1 + -22 - ((113 - 88 - -22) + -11)?
-59
What is 40 - (52 - 23) - -15?
26
7 + (-6 - (-64 + 51 + -2 + 2))
14
71 + 1 + (24 - (7 + 53 - -5 - 26))
57
What is 0 + -23 + -80 + (34 - -130)?
61
Evaluate -14 + -2 + 45 + -69 + 16 + 7.
-17
What is the value of 0 - -2 - 6 - (-3495 - -3462)?
29
What is 25 + (-12 - (-21 + 57)) - (10 + 77)?
-110
Calculate (-3 - -6) + -3 + (57 - (-13 + 24)).
46
What is (0 - 3 - (-140 - -148)) + (-9 - -72 - 13)?
39
Calculate (-3 - (0 + 2) - (-1 - -16)) + -43 + 30.
-33
What is the value of -14 + 16 + -24 + 12 - (-18 + -8 + 4)?
12
Evaluate 10 + (15 - 3) - (11 - (-6 + 7 - -1)).
13
Evaluate -54 - ((-2 - 3) + -29 - -29).
-49
(102 - 78 - (-7 - 25)) + -2 + -4
50
(27 - -51 - 108) + 16
-14
(7 - 10) + (-8 + (-9 - -8) - -66)
54
Calculate 3 + (-3 - -3) + (36 - 2 - (14 + -9)).
32
What is 40 + 1 - (-5 - (31 + (-33 - 12)))?
32
Calculate (-28 - (-42 - -16 - -14)) + 30 - (-4 - 87).
105
What is the value of -12 + 136 + (69 - 121)?
72
What is the value of 7 + -2 + -2 - ((-6 - 30) + 39)?
0
Evaluate 2 + -10 + -7 - (-22 + -31) - -1.
39
Evaluate 156 + -32 + 27 - 113.
38
Calculate -3 + 11 + 5 - (-509 + 482).
40
-73 + (-8 - 0) + -110 + 127
-64
What is -142 + 43 + 89 + -46?
-56
What is 25 + -2 + 258 + -254 + (-3 + -10 - -1)?
15
What is (-6 - (2 + (0 - 9)) - 24) + (-2 - -9)?
-16
What is the value of -23 + 35 - (13 + (12 - 4) + 85)?
-94
Calculate -3 + 17 + 0 - 12 - -57 - (7 + 5).
47
9 - 7 - (78 - (3 + -8)) - -2 - 3
-82
Evaluate -10 + (17 - (2 - -21) - 5).
-21
What is the value of 4 + -28 - (-2 + (0 - 5) + 110 + -101)?
-26
Evaluate -16 + 22 + -53 - -75.
28
Evaluate 12 + (36 - ((0 - -3) + -5)) + 67 + -69.
48
Evaluate (-317 - -370) + (-1 - ((0 - -1) + (-1 - -4))).
48
Calculate 2 + -15 + (-129 - -201 - 29).
30
What is the value of (83 - -18 - 42) + -15?
44
What is the value of -3 - (-43 + (-7 - (-11 + 18)))?
54
-305 + 60 + 138 + 1
-106
What is the value of -6 + 89 + (-10 - (-1 + 8))?
66
What 